hat is the greatest common factor of 135796143 and 2219?
2219
Calculate the greatest common divisor of 55404 and 34884.
2052
What is the highest common divisor of 155970862 and 3856?
482
What is the highest common divisor of 10670846 and 44714?
158
Calculate the greatest common factor of 1370684 and 350.
14
What is the highest common factor of 96804 and 51318?
18
Calculate the greatest common divisor of 1153 and 6561.
1
What is the highest common factor of 670533934 and 196?
98
What is the highest common factor of 173754 and 23520?
294
What is the highest common factor of 26873683 and 713?
713
What is the highest common divisor of 992139456 and 21?
21
Calculate the highest common divisor of 48960 and 64175.
85
What is the highest common divisor of 5161798 and 230?
46
What is the highest common factor of 1994510 and 6874?
14
What is the greatest common divisor of 3798 and 680404104?
3798
What is the greatest common factor of 156584 and 14208?
296
Calculate the greatest common divisor of 30368 and 8975200.
416
What is the highest common factor of 7755 and 351010?
55
What is the highest common factor of 3567102 and 13818?
294
What is the greatest common divisor of 8 and 179015816?
8
What is the highest common divisor of 4866732 and 1404?
468
Calculate the highest common divisor of 4743 and 12840355.
527
Calculate the highest common factor of 2444448 and 81.
3
Calculate the greatest common divisor of 319374421 and 1303.
1303
What is the highest common divisor of 280478 and 32632006?
4598
Calculate the greatest common factor of 1120 and 6423620.
140
What is the greatest common factor of 192 and 260412?
12
Calculate the highest common divisor of 99 and 5902182.
99
What is the greatest common divisor of 228904 and 48763?
403
What is the highest common factor of 819 and 949347?
63
What is the highest common divisor of 424 and 7751197?
53
Calculate the highest common factor of 2699 and 751.
1
What is the greatest common factor of 94059779 and 77?
11
What is the highest common divisor of 9271358 and 58?
58
Calculate the greatest common divisor of 26491 and 3019076.
449
What is the greatest common divisor of 7093 and 187370?
41
Calculate the highest common factor of 15784016 and 176.
16
What is the highest common factor of 2713521363 and 343?
343
What is the greatest common factor of 2374668 and 828?
36
Calculate the highest common divisor of 38780490 and 168.
42
What is the greatest common factor of 57337700 and 1400?
700
What is the highest common factor of 4004073 and 3888?
81
What is the highest common factor of 32957392 and 1872?
208
What is the greatest common factor of 6580 and 12342106?
658
Calculate the highest common factor of 292842 and 422501.
493
What is the greatest common factor of 2548 and 97524336?
364
Calculate the greatest common factor of 1865 and 885332285.
1865
What is the highest common factor of 152845454 and 1967?
281
Calculate the highest common factor of 18397596 and 120.
12
Calculate the highest common factor of 3618 and 250982.
134
Calculate the highest common divisor of 97702738 and 3955.
791
What is the highest common factor of 32849 and 11532762?
307
Calculate the highest common divisor of 23790560 and 4160.
160
What is the greatest common factor of 476760705 and 795?
795
What is the greatest common divisor of 1750 and 71219750?
1750
What is the highest common divisor of 29568 and 30469516?
308
Calculate the greatest common factor of 896 and 12758816.
224
Calculate the greatest common divisor of 2313 and 7181064.
9
Calculate the greatest common factor of 25480160 and 27710.
1630
Calculate the highest common divisor of 423900 and 10205.
785
Calculate the highest common factor of 2304 and 1297769472.
2304
Calculate the highest common divisor of 7102 and 1061986917.
3551
What is the highest common divisor of 159288 and 184152?
24
Calculate the highest common factor of 1733 and 48432151.
1733
Calculate the greatest common divisor of 67132336 and 64.
16
What is the greatest common factor of 168 and 64046184?
24
What is the greatest common divisor of 27005283 and 1145?
229
What is the highest common divisor of 995 and 166445?
5
Calculate the highest common factor of 133332 and 24108.
492
What is the greatest common divisor of 526524 and 41644?
116
What is the highest common divisor of 20221062 and 6438?
174
What is the greatest common divisor of 10 and 2226415?
5
What is the highest common divisor of 917149 and 25517?
19
Calculate the highest common divisor of 67374067 and 93.
31
What is the greatest common divisor of 595 and 297808567?
119
What is the greatest common factor of 3008 and 20577632?
32
What is the greatest common factor of 1099918 and 4111774?
7382
What is the highest common divisor of 820 and 234397?
41
Calculate the highest common divisor of 284 and 5648831.
71
Calculate the highest common divisor of 521789178 and 3462.
3462
Calculate the greatest common divisor of 15 and 392856600.
15
Calculate the greatest common divisor of 3376420 and 40.
20
Calculate the highest common factor of 5936 and 75338864.
848
What is the highest common factor of 13673000 and 303292?
4972
What is the greatest common divisor of 52 and 10759268?
52
What is the greatest common divisor of 403005 and 43308?
1203
Calculate the highest common factor of 984825 and 2325.
75
What is the greatest common factor of 140 and 25448255?
35
Calculate the greatest common factor of 217 and 165090128.
217
Calculate the greatest common divisor of 13867 and 409052.
49
Calculate the highest common factor of 2239260 and 345.
15
Calculate the highest common divisor of 596 and 339587986.
298
What is the highest common factor of 492093 and 17277183?
6741
What is the greatest common divisor of 4199696 and 25273?
199
Calculate the highest common divisor of 8512 and 1532426.
266
Calculate the highest common factor of 22540 and 783955.
115
What is the greatest common divisor of 34563984 and 9408?
336
What is the greatest common factor of 19072 and 30167732?
596
What is the highest common divisor of 11543 and 60694743?
1649
Calculate the highest common factor of 43111844 and 46.
46
Calculate the highest common divisor of 37 and 23684477.
37
What is the highest common divisor of 23172545 and 185?
185
What is the greatest common divisor of 109100765 and 795?
265
Calculate the greatest common factor of 1874301 and 31889.
143
Calculate the highest common divisor of 2329 and 1146827548.
2329
Calculate the greatest common factor of 332 and 583108947.
83
Calculate the greatest common divisor of 32602379 and 4947.
1649
What is the highest common divisor of 222712 and 27634?
82
What is the highest common divisor of 5168440 and 1510?
10
Calculate the highest common divisor of 468905 and 4046335.
955
Calculate the highest common factor of 8432 and 6069893248.
8432
What is the highest common factor of 1075867897 and 377?
377
Calculate the greatest common divisor of 165 and 1051020.
15
What is the greatest common divisor of 2381593502 and 6326?
6326
What is the greatest common factor of 3629502 and 3285?
9
What is the greatest common factor of 634576 and 331024?
272
Calculate the highest common divisor of 28747 and 23579.
323
Calculate the highest common divisor of 398889 and 342309.
2829
What is the greatest common divisor of 204 and 96219?
3
What is the greatest common factor of 58876 and 16185874?
718
Calculate the greatest common divisor of 31 and 448145393.
31
What is the highest common divisor of 654516 and 3906?
18
What is the greatest common factor of 11817 and 208597623?
3939
Calculate the greatest common factor of 56730423 and 11538.
1923
What is the highest common factor of 541345328 and 8?
8
What is the highest common factor of 3182884 and 332?
332
What is the highest common divisor of 18 and 5832531?
9
What is the greatest common divisor of 21 and 125697831?
21
Calculate the highest common factor of 499074 and 8172.
6
What is the highest common divisor of 29307956 and 4?
4
Calculate the greatest common factor of 1395 and 3648235.
155
What is the highest common divisor of 8036246 and 78269?
943
What is the greatest common divisor of 511452 and 1388?
4
Calculate the greatest common divisor of 943226 and 4958.
134
What is the highest common factor of 210848451 and 